 prime factors of b.
3, 17
Let m = 441 + -313. List the prime factors of m.
2
Suppose -4*g = -5 - 3. Suppose -4*w + 2*k = -g*k - 24, -3*k - 6 = w. Suppose 5*q + 5*c = 120, -2*q + 2*c - 21 = -w*q. What are the prime factors of q?
3
Suppose -40*a + 109473 = -a. List the prime factors of a.
7, 401
Let j = 849 + 556. List the prime factors of j.
5, 281
Let z be ((-15)/20)/(1/8). Let k be z*(-1 + (-102)/9). Suppose r - 9 = 3*j, -3*r + k + 18 = 4*j. What are the prime factors of r?
2, 3
Let k(s) be the first derivative of -143*s**4/4 + 2*s**3/3 + 3*s**2/2 + 2*s - 19. List the prime factors of k(-1).
2, 3
Suppose -5*s = -0*s. Let w be 46/14 + 2/(-7). Suppose -w*v = -s*v - 45. What are the prime factors of v?
3, 5
Suppose 0 = -4*m + 4*l + 32, m + 11 = 2*m - 2*l. Suppose m*u - 494 = -h, -20 = 4*u - 2*h - 418. What are the prime factors of u?
3, 11
Suppose 0 = 10*x - 25176 + 2566. What are the prime factors of x?
7, 17, 19
Let n = 10 - -438. List the prime factors of n.
2, 7
Let x(p) = -2*p**2 + 6*p + 3. Let o be x(5). Suppose 13*a + 3*z = 11*a - 38, 5*a + 2*z = -106. Let t = o - a. What are the prime factors of t?
5
Suppose -2*b + 1091 = x, -4*b + 3245 = 3*x - 5*b. List the prime factors of x.
3, 19
Let p be (0 + 1)*(40 + -4)/6. Suppose -p*d + 602 = 44. What are the prime factors of d?
3, 31
Suppose 3*v + 504 = 6*r - r, 2*v + 334 = 4*r. Suppose -7*k = 997 + 704. Let z = v - k. What are the prime factors of z?
2, 5, 7
Let b(k) = k**3 - 5*k**2 + 8*k - 9. Let u be b(4). Suppose -d + 72 = u. What are the prime factors of d?
5, 13
Suppose -z = -408 - 202. What are the prime factors of z?
2, 5, 61
Let z = 111 - -1. Let m = 186 - z. What are the prime factors of m?
2, 37
Let f = -5 - 1. Let u(x) = x**2 - 4*x + 13. What are the prime factors of u(f)?
73
Let b = 142 - -323. Suppose 6*g - b = -21. List the prime factors of g.
2, 37
Let g(d) = d**3 - 11*d**2 + 10*d + 11. Let z(n) = 7*n - 5. Let q be z(2). Let c be g(q). Let o = c - -94. List the prime factors of o.
3, 11
Let d be (-196)/(-11) + (-16)/(-88). Suppose -3*c = -c - d. What are the prime factors of c?
3
Let s(p) = 2*p. Let r be s(1). Suppose -b - 3*j = b - 50, 0 = -5*b + r*j + 125. Let x = b - 5. List the prime factors of x.
2, 5
Let h(x) = 3*x + 88. Let c(k) = -2*k - 59. Let u(z) = -7*c(z) - 5*h(z). Let m be u(0). What are the prime factors of (-6)/(-9)*m/(-2)?
3
List the prime factors of (-1 - 3)*(-2 - 19).
2, 3, 7
Suppose 0 = 4*v - 7*v + 15. Suppose 2*a - 14 = -4*r, r = 2*a + v + 1. Suppose 3*s + l = 2*s + r, 0 = 3*s - 5*l - 36. What are the prime factors of s?
7
Let u = -28 - -31. Let p(s) = 2*s**2 - 3 + 8*s + 2*s**2 - 16*s - u*s**2. List the prime factors of p(11).
2, 3, 5
Let l(y) = -y**2 - 14*y + 26. Let h be l(-15). List the prime factors of (11 - h) + (-68)/(-2).
2, 17
Let b be (-12)/(-16) + 45/4. Let v = 88 + -60. Suppose -v = 10*n - b*n. What are the prime factors of n?
2, 7
Let r(n) = 41*n**2. Suppose -2*z + 2*o - 1 = 7, -2*o = -10. List the prime factors of r(z).
41
Let v be (-1)/(-2)*9*(67 + -1). Suppose v = 4*h + 69. List the prime factors of h.
3, 19
Let y(o) = 25*o + 8. Suppose 0 = t - 4*r + 16, 3 = -3*t - 0*r + 3*r. Let u be y(t). List the prime factors of (u/(-21))/(3/(-21)).
2, 3
Let r = 4527 - 2774. What are the prime factors of r?
1753
Let q = 3 - 1. Suppose -2*o + 2 = -2*h - q, -4*o + h = -2. Suppose o = 2*x - 16. What are the prime factors of x?
2
Let o(a) be the second derivative of -a**5/10 - a**4/4 + a**3/3 - a**2 + 24*a. List the prime factors of o(-4).
2, 5, 7
Suppose -303 = y - 4*y. Let k = y + -68. Suppose k = 4*p - p. What are the prime factors of p?
11
Suppose 0 = -73*w + 33473 + 3757. What are the prime factors of w?
2, 3, 5, 17
Suppose 6*c = 3*c + 123. Let d = c - 24. List the prime factors of d.
17
List the prime factors of 1153 + (-108)/9 + 5.
2, 3, 191
Suppose 4*c = 5*l - 17, 5*c - 31 = 2*c - 5*l. Suppose 9*d - 4 - 23 = 0. What are the prime factors of 17 - (d - 4) - c?
2
Suppose 3*m - 2*p - 13 = 0, 26 = 5*m - 4*p + 5*p. Suppose -130 = -m*t + 5*c, -104 = -4*t - 0*c - 4*c. Suppose 2*s - t = 98. List the prime factors of s.
2, 31
Let d(g) be the first derivative of 4/3*g**3 - 8 + 3*g**2 + 10*g. List the prime factors of d(-4).
2, 5
Suppose -2522*o + 2535*o - 45370 = 0. List the prime factors of o.
2, 5, 349
What are the prime factors of ((-1)/(-2))/(124/151776)?
2, 3, 17
Let j = -8 + 12. Suppose -y = -j*y + 6. Suppose r = 2*g - 4*g + 14, 0 = 5*r + y*g - 110. List the prime factors of r.
2, 3
Suppose 2272 = -18*d + 7852. What are the prime factors of d?
2, 5, 31
Let f be (15/4)/((-141)/36 + 4). What are the prime factors of (3*10)/(f/330)?
2, 5, 11
Suppose -4*p = -3*x - 1125, 3*p - 15*x - 835 = -11*x. What are the prime factors of p?
3, 5, 19
Suppose -6 = 54*h - 57*h, 3829 = 3*w - h. List the prime factors of w.
1277
Let q(k) = 4*k**2 + 6. Let n be q(-4). Suppose 0*c + c = n. What are the prime factors of c?
2, 5, 7
Suppose -6 = 2*c - 194. Suppose 266 = 8*y - c. List the prime factors of (-1 - -5) + y + -15.
2, 17
Let m = 2158 - 1177. What are the prime factors of m?
3, 109
What are the prime factors of (-18)/(-1 - 2) + -3 - -1054?
7, 151
Suppose 4*s - 17 = -1. List the prime factors of -152*((-14)/s)/7.
2, 19
List the prime factors of (2/5)/(10 - 28098/2810).
2, 281
Suppose 2*o - 300 = -2*u, 4*u + 131 = 2*o - 181. What are the prime factors of o?
2, 19
Suppose 8*r - p - 1424 = 3*r, 5*p + 20 = 0. What are the prime factors of r?
2, 71
Let m(l) = -4 + 5 - l - 1. Let o be m(5). Let s(w) = -6*w - 7. What are the prime factors of s(o)?
23
Let g(s) = 9*s**2 + 6*s + 91. List the prime factors of g(14).
7, 277
Let c(d) = -d**3 + 4*d**2 + 9*d + 18. Let h be c(6). Suppose 5*s + h*s + 2*r - 206 = 0, s - 34 = 2*r. List the prime factors of s.
2, 5
What are the prime factors of 467/((4 + -5)/(-2 + 1))?
467
Let s be 9*14 - (-1*4)/4. Let a = 293 - s. What are the prime factors of a?
2, 83
Suppose -4*h - 37 = -1421. What are the prime factors of h?
2, 173
Suppose -3*t + 612 = -639. List the prime factors of t.
3, 139
Let g be (-1)/2*(3 + -13). Suppose -g*n - 137 + 387 = 0. Let u = n - 20. List the prime factors of u.
2, 3, 5
Let j(a) = 113*a - 55. What are the prime factors of j(3)?
2, 71
List the prime factors of 42 + (0/8)/(1 - -1).
2, 3, 7
Let x = -22 + 36. Suppose 5*s + x = -36. List the prime factors of (-4)/10 - 344/s.
2, 17
Suppose -2*n + 29 = -5*h, 0 = -3*h + 5*h + 10. Suppose n*b = -18 + 114. What are the prime factors of b?
2, 3
Suppose 10*w - 11253 = 5397. What are the prime factors of w?
3, 5, 37
Suppose 5*w + 6*o = 10*o + 3783, -o = 5*w - 3798. What are the prime factors of w?
3, 11, 23
Suppose -4*u = -k - 12, -3*k + 3*u = 2 + 7. Suppose 18*t - 15*t = k. Suppose t = -4*r + 2*h + 96 - 10, -10 = -2*h. List the prime factors of r.
2, 3
Let n(y) = -4*y**2 - 14*y + 3. Let f(r) = -5*r**2 - 13*r + 4. Let t(q) = 5*f(q) - 6*n(q). What are the prime factors of t(19)?
2
Suppose 3*f = 192 + 318. List the prime factors of f.
2, 5, 17
Suppose -2*n - 3*g + 930 = 3*n, 0 = 3*g - 15. Suppose 3*k - n = 5*x + 13, -4*x + 151 = 3*k. List the prime factors of k.
3, 19
Suppose -8694 = -9*g - 1485. What are the prime factors of g?
3, 89
Let a = 1111 + 786. List the prime factors of a.
7, 271
Let i = 7 - 3. Suppose 0*u - 16 = -i*u. Suppose 2*n + 34 = u*n. What are the prime factors of n?
17
Suppose 4*h - s = 273 + 699, -h + 232 = -3*s. Suppose h + 194 = 6*w. What are the prime factors of w?
73
Let g be 10/(-4)*(-66)/55. Suppose -g*z = -2*j + 640, -377 = -5*j + z + 1236. List the prime factors of j.
17, 19
Let r(n) = -n**3 - 11*n**2 - 4*n - 8. Let h be r(-11). Let c be ((-3)/6)/((-3)/h). Suppose -t + c*t = 130. List the prime factors of t.
2, 13
Suppose 2*j = 3*j - 342. Let x be (-13)/65 + j/10. Let f = x - -10. What are the prime factors of f?
2, 11
Suppose -3*p + 5*p - r - 969 = 0, p - r - 487 = 0. List the prime factors of p.
2, 241
Suppose 5*d - 6 = -0*x + x, 20 = 2*d + 4*x. Let i(m) = 2*m - d*m**2 + 1 + 10*m**2 - 3*m + 4*m**2. List the prime factors of i(1).
2, 3
Let l = 697 + -206. List the prime factors of l.
491
Suppose 16*l - 11*l = 5, -2*l + 3372 = 5*j. List the prime factors of j.
2, 337
Let x(d) = d**3 + 6*d**2 + d + 14. Let j be x(-6). Suppose j*p - 7*p = 2. What are the prime f